the prime factors of s(8).
3, 13
Suppose -29 = -u - 26. Suppose 577 = 4*f - 3*z + 52, -5*f = u*z - 690. List the prime factors of f.
3, 5
Suppose j - 6*j = -795. List the prime factors of j.
3, 53
Suppose 430 = b + 4*b. Let y = b - 41. What are the prime factors of (-278)/(-6) - 15/y?
2, 23
Let l(w) = -28*w + 48. What are the prime factors of l(-8)?
2, 17
Let f(l) = -2*l + 8. Let p be f(6). Let d = 8 + 6. List the prime factors of p/d - 7760/(-112).
3, 23
Let k be 2*(-2 + (-14)/(-4)). Suppose k = n + 5, -w - 2*n = 0. Suppose 0 = -w*j + 78 + 82. What are the prime factors of j?
2, 5
Suppose 5*o + 28*o - 8943 = 0. List the prime factors of o.
271
Let t = 102 - 80. Suppose -17*p - 795 = -t*p. List the prime factors of p.
3, 53
Let v be 32/20 + 4/10. Let r be (0 + v)/((-2)/74). Let b = -39 - r. List the prime factors of b.
5, 7
Let x(h) = h**3 - 10*h**2 + 2*h - 16. Let i be x(10). Suppose 0 = -5*p + 2*p + 4*y + 249, -i*p + 5*y + 331 = 0. List the prime factors of p.
79
Let b(n) = 2*n**2 - 22*n - 4. Let o be b(15). Suppose -o = -y - 13. What are the prime factors of y?
103
Let i(f) = 6*f**2 + 4*f - 37. What are the prime factors of i(15)?
1373
Suppose -4*y - 38 - 6 = 4*x, -3*y = -x + 9. Let q(g) = 9*g - 4. Let a be q(x). Let i = -13 - a. What are the prime factors of i?
3, 5
Let k(i) = 13*i + 739. List the prime factors of k(13).
2, 227
Let t be ((-24)/(-3))/((-8)/108*3). What are the prime factors of 9/t + (0 - 674/(-8))?
2, 3, 7
Let u = 431 + -119. List the prime factors of u.
2, 3, 13
Let r be (-2)/(-4) + (-27)/(-6). Suppose -3*o = -9, 2*o = -5*q + r*o + 81. Suppose q = 3*k - 3. List the prime factors of k.
7
Suppose 8*x = 10*x - 34. Suppose 44 = 4*a + 3*n, -2*n + x = 2*a - 7. List the prime factors of a.
2
List the prime factors of 105/(-63) + (-233)/(-3).
2, 19
Let j = 2207 + -1261. List the prime factors of j.
2, 11, 43
Suppose -4*x = 2*x - 18. Suppose 0 = 3*a - x - 159. List the prime factors of a.
2, 3
Let h(q) = -q**2 + 4*q - 2. Let o be h(3). Let f be o + 3 + -46 - -4. Let a = 3 - f. What are the prime factors of a?
41
Let x(i) = -7*i - 22. Let n be ((-12)/8)/((-9)/(-84)). What are the prime factors of x(n)?
2, 19
Suppose 4*i + s = 13, 4*s = -s + 5. What are the prime factors of (-45)/20*(-16)/i?
2, 3
Let p(y) = y**3 + y + 56. Let g be p(0). Suppose -146 = -v - g. What are the prime factors of v?
2, 3, 5
Let g(l) = 0 - 6*l - 2*l - 2 - 1 + 4*l**2. List the prime factors of g(5).
3, 19
Let k(g) = 38*g + 11. Let h(n) = -115*n - 33. Let j(y) = 2*h(y) + 7*k(y). List the prime factors of j(4).
5, 31
Suppose 2*b - 52 = -n, -3*n - 153 = -6*n - 3*b. List the prime factors of n.
2, 5
Let o(f) = 2*f**2 + 14*f + 31. What are the prime factors of o(-3)?
7
Let t(u) = u**2 + u - 8. Let j(r) = -3*r**2 - 8*r - 5. Let b be j(-5). Let y be 70/b*(3 - -1). What are the prime factors of t(y)?
2, 17
Let i = -28 + 27. List the prime factors of (324/(-42))/(i/7).
2, 3
Let h(k) = k**3 + 13*k**2 - 39*k - 28. What are the prime factors of h(-15)?
107
Let y be (-4 + 5)/(69/(-33) - -2). List the prime factors of 3/((y/(-12))/11).
2, 3
Let k(r) = -2*r - 34. Let d be k(-23). Suppose -14*n + 186 = -d*n. List the prime factors of n.
3, 31
Let y(b) = b**3 + 5*b**2 + 2*b + 5. Let o = -22 + 18. Let h be y(o). Suppose h*p - 12*p = 31. List the prime factors of p.
31
Let f(b) = -b - 16. Let m be f(-7). Let x = m + 8. List the prime factors of x/(1 + 21/(-18)).
2, 3
Let n(s) = 2*s**2 + 32*s + 117. List the prime factors of n(-36).
3, 173
Let t be (-4)/3 - 684/(-108). Let m(i) be the first derivative of -i**4/4 + 5*i**3/3 + i**2/2 + 4*i - 1. List the prime factors of m(t).
3
Let c = 781 + 3. List the prime factors of c.
2, 7
Suppose 8*d = 4*d - 20. Let a(i) = -i**2 - 5*i + 2. List the prime factors of a(d).
2
Let l(p) = -p**2 + 9*p + 9. Let s be l(10). Let u(m) = -5*m + m**2 + 1 + 4*m**2 + 7*m. What are the prime factors of u(s)?
2
Let g be (-1)/(4/(-6583 - -3)). What are the prime factors of g/25 + 2/10?
2, 3, 11
Suppose -4*z = -0 - 144. Suppose -5 = -2*b - 3*l, -4 - 17 = -5*b + l. What are the prime factors of (b/6 - 0)*z?
2, 3
Suppose 0 = -l - 41 - 23. Let t = 6 - l. Suppose -d - d = -t. What are the prime factors of d?
5, 7
Suppose 0 = 3*h - 0*y + 2*y - 1324, -h - 3*y = -439. List the prime factors of h.
2, 13, 17
Suppose 12*v - 15*v - 675 = 0. List the prime factors of 1*((-29220)/v - (-4)/30).
2, 5, 13
Suppose 5608 = 5*f + 3*d, d - 3*d = -4*f + 4504. What are the prime factors of f?
2, 281
Suppose 4*w + 2*i - 15 = 11, 0 = 3*w + 4*i - 27. Suppose 0 = -n + w*u + 31, 4*n - 128 - 68 = -4*u. List the prime factors of n.
2, 23
Suppose 0 = -y + 8*y - 1316. Suppose -2*t + 198 = -y. List the prime factors of t.
193
Let i = 35 + -34. Let f(q) = -q**2 + 2*q + 0*q**2 - 2 + 26*q**2 + i. List the prime factors of f(1).
2, 13
Suppose 7 - 10 = -3*k. Let i be (-24)/(-8) + k*17. Suppose 5*a - i = 4*a. What are the prime factors of a?
2, 5
What are the prime factors of 2/(-4) + 82451/82?
3, 5, 67
Let k(w) = 147*w**3 - 4*w + 8. Let l be k(2). Suppose l = -f + 5*f. List the prime factors of f.
2, 3, 7
Let f(y) = -32*y**2 - y - 1. Let g be f(-1). List the prime factors of (g/(-18) + 12/54)*106.
2, 53
Suppose -45*a + 39*a + 2850 = 0. What are the prime factors of a?
5, 19
Let r(g) = 397*g + 1. Let q be r(-1). Let l = -182 - q. What are the prime factors of l?
2, 107
Let x = -457 - -820. List the prime factors of x.
3, 11
List the prime factors of (-3 - (-2142)/(-30))*-15.
2, 3, 31
Suppose -175 = -12*o + 6653. What are the prime factors of o?
569
Suppose 2*d - 4*n = -12, d + 0*d + 8 = 3*n. What are the prime factors of -1 + (d - -2) - -29?
2, 7
Suppose 3*a + 1475 = 3*o - 403, o - 4*a = 611. List the prime factors of o.
631
Let d(f) = -2*f + 26. Let p be d(10). What are the prime factors of 94/3 - (-3 - (-20)/p)?
31
Suppose 2*x = -x - 27. Let q = 3 + x. Let r(b) = -4*b + 4. What are the prime factors of r(q)?
2, 7
Suppose 2*k - p - 10 = -3*p, 0 = 3*k - 2*p + 5. Let o(r) = -1 + 1 + 10*r. What are the prime factors of o(k)?
2, 5
Let v(x) = -x**3 - 25*x**2 - 83*x - 65. What are the prime factors of v(-28)?
3, 29, 53
Let f be 26/(-10) + 30/50. Let b be f + 3 + -2 + 3. Suppose b*q - 23 = -l, -5*l = q + 4*q - 90. List the prime factors of l.
13
Suppose -2*w - 3*w = -4*n + 14, 0 = -3*n + 5*w + 8. Suppose n*r - r - 4*q - 522 = 0, -2 = -q. List the prime factors of r.
2, 53
Let r(t) = -2*t**2 + 18*t + 3770. What are the prime factors of r(0)?
2, 5, 13, 29
Let j(o) = -12*o + 11. Let q(r) = -23*r + 21. Let z(p) = 5*j(p) - 2*q(p). Let n be z(-10). Suppose c = -2*c + n. List the prime factors of c.
3, 17
Let a = 344 + -224. Suppose 0 = 4*j - 10 - 6. Suppose -j*v = 2*v - a. List the prime factors of v.
2, 5
Suppose 0 = -w - 5*h - 2, w - 2*w + 3*h + 30 = 0. Let s(t) = t**3 - 18*t**2 + 2*t - 24. List the prime factors of s(w).
2, 3
Suppose 0*j + 4 = j, 2*s - j = -10. Let w be (-6 - -12)*s/3. Let u(z) = -z**2 - 6*z + 6. What are the prime factors of u(w)?
2, 3
Let z be 6/(-1)*(-14)/3. Suppose -3*x + z = 4. Let p = x - -27. What are the prime factors of p?
5, 7
Suppose 5*h + 3 = 23. Let m(p) = 13*p + 5. Let y be m(h). Suppose -3*w = 4*g - y, 2*g + 5*w - 20 = 19. What are the prime factors of g?
2, 3
Suppose -7*g - 999 = 2*g. Let u = 213 + g. List the prime factors of u.
2, 3, 17
Let i = 1723 + -1012. List the prime factors of i.
3, 79
Let q(i) = 2*i + 1. Let g be q(2). Let a = 44 + g. Suppose 9*p = 8*p + a. List the prime factors of p.
7
Suppose 33*y + 414 = 34*y. What are the prime factors of y?
2, 3, 23
Suppose -19*h = -23*h - 216. Let b = 17 - h. What are the prime factors of b?
71
Let b(j) = -j**3 - 13*j**2 - j + 15. Let i be b(-13). Suppose -5*y + y = 4*s - 32, 2*s = y + i. List the prime factors of s.
2, 3
Let k = -47 + 44. What are the prime factors of (-175)/k - (-2 - (-7)/3)?
2, 29
Let t(l) = 4*l + 4. Let r(w) = -w**2 + 4*w + 1. Let q be ((-3)/3)/(2/(-6)). Let k be r(q). List the prime factors of t(k).
2, 5
Suppose 0 = -2*d + 5*r + 398, -4*d + 5*d + 2*r - 217 = 0. What are the prime factors of d?
11, 19
Let d(x) = 12*x - 4. Let a(n) = 10*n - 4. Let s(u) = 4*a(u) - 3*d(u). Let f be (-4)/(-14) - 12/(-7). List the prime factors of s(f).
2
Let h = -5 + 5. Let x = 2 + h. Suppose 0 = -2*l + 3*l + 3*q - 21, 